{"id":464117,"date":"2024-01-05T23:51:45","date_gmt":"2024-01-05T22:51:45","guid":{"rendered":"https:\/\/medandbeauty.com\/product\/orvosi-reteges-ruha-premium-feher\/"},"modified":"2026-04-28T15:23:47","modified_gmt":"2026-04-28T13:23:47","slug":"orvosi-reteges-ruha-premium-feher","status":"publish","type":"product","link":"https:\/\/medandbeauty.com\/hu\/product\/orvosi-reteges-ruha-premium-feher\/","title":{"rendered":"Orvosi r\u00e9teges ruha Premium FEH\u00c9R"},"content":{"rendered":"<p style=\"font-weight: 400;\"><strong>A feh\u00e9r sz\u00edn\u0171 Tiered Premium Medical Dress<\/strong> a legklasszikusabb a <strong> <a href=\"https:\/\/medandbeauty.com\/hu\/shop\/neki\/premium-kollekcio\/\" target=\"_blank\" rel=\"noopener\">Med &amp; Beauty Premium<\/a> Medical ruh\u00e1k<\/strong> k\u00f6z\u00fcl <strong>.<\/strong><\/p>\n<p style=\"font-weight: 400;\">Felejtse el a k\u00e9nyelmetlen \u00e9s form\u00e1tlan <strong>orvosi egyenruh\u00e1kat<\/strong> &#8211; itt az ideje az eleg\u00e1ns orvosi ruh\u00e1knak, amelyek kiemelik a n\u0151i alakot \u00e9s maxim\u00e1lis k\u00e9nyelmet biztos\u00edtanak.<\/p>\n<p style=\"font-weight: 400;\">Tudta, hogy a betegek \u00e9s az \u00fcgyfelek egyre ink\u00e1bb odafigyelnek arra, hogyan \u00f6lt\u00f6zk\u00f6dik, amikor a munk\u00e1j\u00e1t v\u00e9gzi?<\/p>\n<p style=\"font-weight: 400;\">Ha \u00e1polt \u00e9s eleg\u00e1ns <strong>orvosi ruh\u00e1t<\/strong> visel, nemcsak a k\u00f6z\u00e9rzet\u00e9t jav\u00edtja, hanem a professzionalizmus\u00e1t is hangs\u00falyozza, \u00e9s ez\u00e1ltal a betegek \u00e9s az \u00fcgyfelek szem\u00e9ben is el\u0151nyre tesz szert.<\/p>\n<p style=\"font-weight: 400;\"><strong>A Premium kollekci\u00f3b\u00f3l sz\u00e1rmaz\u00f3 feh\u00e9r k\u00f6t\u00f6tt orvosi ruha<\/strong> 80% kiv\u00e1l\u00f3 min\u0151s\u00e9g\u0171 pamutb\u00f3l, nylonnal \u00e9s lycr\u00e1val kombin\u00e1lva k\u00e9sz\u00fclt. A sz\u00e1laknak ez a kombin\u00e1ci\u00f3ja puh\u00e1v\u00e1 \u00e9s l\u00e9g\u00e1tereszt\u0151v\u00e9 teszi az anyagot, \u00e9s &#8211; ami nagyon fontos az <strong>orvosi ruh\u00e1k<\/strong> eset\u00e9ben &#8211; nem gy\u0171r\u0151dik! <\/p>\n<p style=\"font-weight: 400;\">A der\u00e9kp\u00e1nt \u00e9s a modell alak\u00edt\u00f3 darts t\u00f6k\u00e9letesen form\u00e1lja az alakot \u00e9s hangs\u00falyozza minden el\u0151ny\u00e9t, m\u00edg a klasszikus nyakkiv\u00e1g\u00e1s eleg\u00e1ns gall\u00e9rral hangs\u00falyozza a modell id\u0151tlens\u00e9g\u00e9t.<\/p>\n<p style=\"font-weight: 400;\"><strong>A pr\u00e9mium kateg\u00f3ri\u00e1s feh\u00e9r orvosi ruha<\/strong> valamivel a t\u00e9rd al\u00e1 \u00e9r, \u00edgy ide\u00e1lis hossz\u00fas\u00e1g\u00fa a maxim\u00e1lis k\u00e9nyelemhez a munkahelyen. A 7\/8 hossz\u00fa ujjak v\u00e9dik a v\u00e1llakat, \u00e9s nem korl\u00e1tozz\u00e1k a mozg\u00e1st. <\/p>\n<p style=\"font-weight: 400;\">V\u00e1lassza <strong>a pr\u00e9mium feh\u00e9r k\u00f6t\u00f6tt orvosi ruh\u00e1t<\/strong>, ha fontos \u00d6nnek a k\u00e9nyelem, a minimalizmus \u00e9s a professzion\u00e1lis megjelen\u00e9s a munkahely\u00e9n.<\/p>\n<ul>\n<li style=\"font-weight: 400;\">Eredeti nyakkiv\u00e1g\u00e1s eleg\u00e1ns gall\u00e9rral<\/li>\n<li style=\"font-weight: 400;\"><span style=\"font-family: inherit;\">Egyenes 7\/8-as ujjak<\/span><\/li>\n<li style=\"font-weight: 400;\"><span style=\"font-family: inherit;\">Klasszikus, t\u00e9rdig \u00e9r\u0151 szab\u00e1s<\/span><\/li>\n<li style=\"font-weight: 400;\"><span style=\"font-family: inherit;\">Sziluettjav\u00edt\u00f3 felvarr\u00e1s \u00e9s der\u00e9ksz\u00edj<\/span><\/li>\n<li style=\"font-weight: 400;\"><span style=\"font-family: inherit;\">H\u00edmz\u00e9ssel szem\u00e9lyre szabhat\u00f3<\/span><\/li>\n<\/ul>\n<p>&nbsp;<\/p>\n<p style=\"font-weight: 400;\"><strong>Tov\u00e1bbi inform\u00e1ci\u00f3k:<\/strong><br \/>\nA k\u00e9peken l\u00e1that\u00f3 modellek S-es m\u00e9retet viselnek, \u00e9s 170-174 cm magasak.<\/p>\n<p style=\"font-weight: 400;\">Ha nem tudja, milyen m\u00e9retet v\u00e1lasszon &#8211; n\u00e9zze meg a m\u00e9rett\u00e1bl\u00e1zatot. Ha tov\u00e1bbi k\u00e9ts\u00e9gek mer\u00fclnek fel &#8211; k\u00fcldje el nek\u00fcnk a m\u00e9reteit, \u00e9s mi m\u00e9retre szabjuk \u00d6nnek. <\/p>\n<p style=\"font-weight: 400;\">A <a href=\"https:\/\/medandbeauty.com\/hu\/shop\/neki\/premium-kollekcio\/\" target=\"_blank\" rel=\"noopener\">Premium kollekci\u00f3<\/a> ruhadarabjainak sz\u00ednei nem egyeznek a <a href=\"https:\/\/medandbeauty.com\/hu\/shop\/neki\/basic-kollekcio\/\" target=\"_blank\" rel=\"noopener\">Basic kollekci\u00f3<\/a> sz\u00edneivel &#8211; m\u00e1s anyagb\u00f3l k\u00e9sz\u00fcltek.<\/p>\n<p style=\"font-weight: 400;\">A k\u00e9peken l\u00e1that\u00f3 egyes ruhadarabok \u00e1rnyalatai elt\u00e9rhetnek a t\u00e9nylegesekt\u0151l &#8211; ez a k\u00fcl\u00f6nb\u00f6z\u0151 elektronikus berendez\u00e9sek \u00e9s azok egyedi be\u00e1ll\u00edt\u00e1sai miatt van \u00edgy.<\/p>\n","protected":false},"excerpt":{"rendered":"<p>A feh\u00e9r sz\u00edn\u0171 Tiered Premium Medical Dress a legklasszikusabb a Med &amp; Beauty Premium Medical ruh\u00e1k k\u00f6z\u00fcl . Felejtse el a k\u00e9nyelmetlen \u00e9s form\u00e1tlan orvosi egyenruh\u00e1kat &#8211; itt az ideje az eleg\u00e1ns orvosi ruh\u00e1knak, amelyek kiemelik a n\u0151i alakot \u00e9s maxim\u00e1lis k\u00e9nyelmet biztos\u00edtanak. Tudta, hogy a betegek \u00e9s az \u00fcgyfelek egyre ink\u00e1bb odafigyelnek arra, hogyan [&hellip;]<\/p>\n","protected":false},"featured_media":464122,"comment_status":"open","ping_status":"closed","template":"","meta":{"_acf_changed":false,"inline_featured_image":false},"kolor":[1930],"rodzaj-ubrania":[1884],"ubranie":[2010],"product_brand":[],"product_cat":[1887,1903,1902],"product_tag":[],"class_list":{"0":"post-464117","1":"product","2":"type-product","3":"status-publish","4":"has-post-thumbnail","6":"kolor-feherek","7":"rodzaj-ubrania-orvosi-ruhak","8":"ubranie-premium-kotott-orvosi-ruha","9":"product_cat-neki","10":"product_cat-orvosi-ruhak","11":"product_cat-premium-kollekcio","13":"first","14":"instock","15":"taxable","16":"shipping-taxable","17":"purchasable","18":"product-type-variable"},"acf":[],"_links":{"self":[{"href":"https:\/\/medandbeauty.com\/hu\/wp-json\/wp\/v2\/product\/464117","targetHints":{"allow":["GET"]}}],"collection":[{"href":"https:\/\/medandbeauty.com\/hu\/wp-json\/wp\/v2\/product"}],"about":[{"href":"https:\/\/medandbeauty.com\/hu\/wp-json\/wp\/v2\/types\/product"}],"replies":[{"embeddable":true,"href":"https:\/\/medandbeauty.com\/hu\/wp-json\/wp\/v2\/comments?post=464117"}],"wp:featuredmedia":[{"embeddable":true,"href":"https:\/\/medandbeauty.com\/hu\/wp-json\/wp\/v2\/media\/464122"}],"wp:attachment":[{"href":"https:\/\/medandbeauty.com\/hu\/wp-json\/wp\/v2\/media?parent=464117"}],"wp:term":[{"taxonomy":"kolor","embeddable":true,"href":"https:\/\/medandbeauty.com\/hu\/wp-json\/wp\/v2\/kolor?post=464117"},{"taxonomy":"rodzaj-ubrania","embeddable":true,"href":"https:\/\/medandbeauty.com\/hu\/wp-json\/wp\/v2\/rodzaj-ubrania?post=464117"},{"taxonomy":"ubranie","embeddable":true,"href":"https:\/\/medandbeauty.com\/hu\/wp-json\/wp\/v2\/ubranie?post=464117"},{"taxonomy":"product_brand","embeddable":true,"href":"https:\/\/medandbeauty.com\/hu\/wp-json\/wp\/v2\/product_brand?post=464117"},{"taxonomy":"product_cat","embeddable":true,"href":"https:\/\/medandbeauty.com\/hu\/wp-json\/wp\/v2\/product_cat?post=464117"},{"taxonomy":"product_tag","embeddable":true,"href":"https:\/\/medandbeauty.com\/hu\/wp-json\/wp\/v2\/product_tag?post=464117"}],"curies":[{"name":"wp","href":"https:\/\/api.w.org\/{rel}","templated":true}]}}

Orvosi réteges ruha Premium FEHÉR

<p style="font-weight: 400;"><strong>A fehér színű Tiered Premium Medical Dress</strong> a legklasszikusabb a <strong> <a href="https://medandbeauty.com/hu/shop/neki/premium-kollekcio/" target="_blank" rel="noopener">Med &amp; Beauty Premium</a> Medical ruhák</strong> közül <strong>.</strong></p>
<p style="font-weight: 400;">Felejtse el a kényelmetlen és formátlan <strong>orvosi egyenruhákat</strong> &#8211; itt az ideje az elegáns orvosi ruháknak, amelyek kiemelik a női alakot és maximális kényelmet biztosítanak.</p>
<p style="font-weight: 400;">Tudta, hogy a betegek és az ügyfelek egyre inkább odafigyelnek arra, hogyan öltözködik, amikor a munkáját végzi?</p>
<p style="font-weight: 400;">Ha ápolt és elegáns <strong>orvosi ruhát</strong> visel, nemcsak a közérzetét javítja, hanem a professzionalizmusát is hangsúlyozza, és ezáltal a betegek és az ügyfelek szemében is előnyre tesz szert.</p>
<p style="font-weight: 400;"><strong>A Premium kollekcióból származó fehér kötött orvosi ruha</strong> 80% kiváló minőségű pamutból, nylonnal és lycrával kombinálva készült. A szálaknak ez a kombinációja puhává és légáteresztővé teszi az anyagot, és &#8211; ami nagyon fontos az <strong>orvosi ruhák</strong> esetében &#8211; nem gyűrődik! </p>
<p style="font-weight: 400;">A derékpánt és a modell alakító darts tökéletesen formálja az alakot és hangsúlyozza minden előnyét, míg a klasszikus nyakkivágás elegáns gallérral hangsúlyozza a modell időtlenségét.</p>
<p style="font-weight: 400;"><strong>A prémium kategóriás fehér orvosi ruha</strong> valamivel a térd alá ér, így ideális hosszúságú a maximális kényelemhez a munkahelyen. A 7/8 hosszú ujjak védik a vállakat, és nem korlátozzák a mozgást. </p>
<p style="font-weight: 400;">Válassza <strong>a prémium fehér kötött orvosi ruhát</strong>, ha fontos Önnek a kényelem, a minimalizmus és a professzionális megjelenés a munkahelyén.</p>
<ul>
<li style="font-weight: 400;">Eredeti nyakkivágás elegáns gallérral</li>
<li style="font-weight: 400;"><span style="font-family: inherit;">Egyenes 7/8-as ujjak</span></li>
<li style="font-weight: 400;"><span style="font-family: inherit;">Klasszikus, térdig érő szabás</span></li>
<li style="font-weight: 400;"><span style="font-family: inherit;">Sziluettjavító felvarrás és derékszíj</span></li>
<li style="font-weight: 400;"><span style="font-family: inherit;">Hímzéssel személyre szabható</span></li>
</ul>
<p>&nbsp;</p>
<p style="font-weight: 400;"><strong>További információk:</strong><br />
A képeken látható modellek S-es méretet viselnek, és 170-174 cm magasak.</p>
<p style="font-weight: 400;">Ha nem tudja, milyen méretet válasszon &#8211; nézze meg a mérettáblázatot. Ha további kétségek merülnek fel &#8211; küldje el nekünk a méreteit, és mi méretre szabjuk Önnek. </p>
<p style="font-weight: 400;">A <a href="https://medandbeauty.com/hu/shop/neki/premium-kollekcio/" target="_blank" rel="noopener">Premium kollekció</a> ruhadarabjainak színei nem egyeznek a <a href="https://medandbeauty.com/hu/shop/neki/basic-kollekcio/" target="_blank" rel="noopener">Basic kollekció</a> színeivel &#8211; más anyagból készültek.</p>
<p style="font-weight: 400;">A képeken látható egyes ruhadarabok árnyalatai eltérhetnek a ténylegesektől &#8211; ez a különböző elektronikus berendezések és azok egyedi beállításai miatt van így.</p>

<p>A fehér színű Tiered Premium Medical Dress a legklasszikusabb a Med &amp; Beauty Premium Medical ruhák közül . Felejtse el a kényelmetlen és formátlan orvosi egyenruhákat &#8211; itt az ideje az elegáns orvosi ruháknak, amelyek kiemelik a női alakot és maximális kényelmet biztosítanak. Tudta, hogy a betegek és az ügyfelek egyre inkább odafigyelnek arra, hogyan [&hellip;]</p>
