{"id":464420,"date":"2024-01-05T23:52:08","date_gmt":"2024-01-05T23:52:08","guid":{"rendered":"https:\/\/medandbeauty.com\/product\/orvosi-reteges-ruha-premium-black\/"},"modified":"2026-04-28T15:24:02","modified_gmt":"2026-04-28T13:24:02","slug":"orvosi-reteges-ruha-premium-black","status":"publish","type":"product","link":"https:\/\/medandbeauty.com\/hu\/product\/orvosi-reteges-ruha-premium-black\/","title":{"rendered":"Orvosi r\u00e9teges ruha Premium BLACK"},"content":{"rendered":"<p>&nbsp;<\/p>\n<h2>Orvosi fekete ruha a Med&amp;Beauty-t\u00f3l<\/h2>\n<p><strong>A Pr\u00e9mium term\u00e9kcsal\u00e1db\u00f3l sz\u00e1rmaz\u00f3 k\u00f6t\u00f6tt orvosi fekete ruha<\/strong> a legklasszikusabb modell a <strong> <a href=\"https:\/\/medandbeauty.com\/hu\/shop\/neki\/premium-kollekcio\/\" target=\"_blank\" rel=\"noopener\">Med &amp; Beauty Premium<\/a> orvosi ruh\u00e1k<\/strong> k\u00f6z\u00f6tt <strong>.<\/strong><\/p>\n<p>Felejtse el a k\u00e9nyelmetlen \u00e9s form\u00e1tlan orvosi egyenruh\u00e1kat &#8211; itt az ideje a karcs\u00fa fekete orvosi ruh\u00e1knak, amelyek kiemelik a n\u0151ies alakot \u00e9s maxim\u00e1lis k\u00e9nyelmet biztos\u00edtanak.<\/p>\n<p>Tudta, hogy a betegek \u00e9s az \u00fcgyfelek egyre ink\u00e1bb odafigyelnek arra, hogyan \u00f6lt\u00f6zk\u00f6dik, amikor a munk\u00e1j\u00e1t v\u00e9gzi?<\/p>\n<p>Ha eleg\u00e1ns \u00e9s eleg\u00e1ns <strong>orvosi fekete nyakkend\u0151s ruh\u00e1t<\/strong> visel, nemcsak a k\u00f6z\u00e9rzet\u00e9t jav\u00edtja, hanem a professzionalizmus\u00e1t is hangs\u00falyozza, \u00e9s ez\u00e1ltal a betegek \u00e9s az \u00fcgyfelek szem\u00e9ben is el\u0151nyre tesz szert.<\/p>\n<h2>Fekete orvosi ruha &#8211; anyagok<\/h2>\n<p>Fekete k\u00f6t\u00f6tt orvosi ruha a<strong> <a href=\"https:\/\/medandbeauty.com\/hu\/shop\/neki\/premium-kollekcio\/\" target=\"_blank\" rel=\"noopener\">Pr\u00e9mium kollekci\u00f3b\u00f3l<\/a><\/strong> 80%-ban kiv\u00e1l\u00f3 min\u0151s\u00e9g\u0171 pamutb\u00f3l, nejlonnal \u00e9s lycr\u00e1val kombin\u00e1ltan varrt\u00e1k. Az anyagban l\u00e9v\u0151 sz\u00e1lak kombin\u00e1ci\u00f3ja puh\u00e1v\u00e1 \u00e9s l\u00e9legz\u0151v\u00e9 teszi, \u00e9s &#8211; ami nagyon <strong>fontos az orvosi ruh\u00e1k eset\u00e9ben &#8211; nem gy\u0171r\u0151dik!<\/strong><\/p>\n<p>A der\u00e9kp\u00e1nt \u00e9s a modell alak\u00edt\u00f3 darts t\u00f6k\u00e9letesen form\u00e1lja az alakot \u00e9s hangs\u00falyozza minden el\u0151ny\u00e9t, m\u00edg a klasszikus nyakkiv\u00e1g\u00e1s eleg\u00e1ns gall\u00e9rral hangs\u00falyozza a modell id\u0151tlens\u00e9g\u00e9t.<\/p>\n<p><strong>A pr\u00e9mium orvosi fekete ruha<\/strong> valamivel a t\u00e9rd al\u00e1 \u00e9r, \u00edgy ide\u00e1lis hossz\u00fas\u00e1g\u00fa a maxim\u00e1lis k\u00e9nyelemhez a munkahelyen. A 7\/8 hossz\u00fa ujjak v\u00e9dik a v\u00e1llakat, \u00e9s nem korl\u00e1tozz\u00e1k a mozg\u00e1st. <\/p>\n<p>V\u00e1lassza <strong>a pr\u00e9mium fekete k\u00f6t\u00f6tt orvosi ruh\u00e1t<\/strong>, ha fontos \u00d6nnek a k\u00e9nyelem, a minimalizmus \u00e9s a professzion\u00e1lis megjelen\u00e9s a munkahely\u00e9n. Milyen tulajdons\u00e1gokkal rendelkezik az orvosi fekete ruh\u00e1nk? <\/p>\n<ul>\n<li>eredeti nyakkiv\u00e1g\u00e1s eleg\u00e1ns gall\u00e9rral,<\/li>\n<li>egyenes 7\/8-as ujjak,<\/li>\n<li>Klasszikus szab\u00e1s\u00fa, t\u00e9rdig \u00e9r\u0151 szab\u00e1s,<\/li>\n<li>Sziluettjav\u00edt\u00f3 felvarr\u00e1s \u00e9s der\u00e9kp\u00e1nt,<\/li>\n<li>h\u00edmz\u00e9s form\u00e1j\u00e1ban t\u00f6rt\u00e9n\u0151 szem\u00e9lyre szab\u00e1s lehets\u00e9ges.<\/li>\n<\/ul>\n<p><strong>Tov\u00e1bbi inform\u00e1ci\u00f3k:<\/strong> A k\u00e9peken l\u00e1that\u00f3 modellek S m\u00e9ret\u0171 fekete orvosi ruh\u00e1t viselnek, \u00e9s 170-174 cm magasak.<\/p>\n<p>Ha nem tudja, milyen m\u00e9retet v\u00e1lasszon &#8211; n\u00e9zze meg a m\u00e9rett\u00e1bl\u00e1zatot. Ha tov\u00e1bbi k\u00e9ts\u00e9gek mer\u00fclnek fel &#8211; k\u00fcldje el nek\u00fcnk a m\u00e9reteit, \u00e9s mi m\u00e9retre szabjuk \u00d6nnek. <\/p>\n<p>A <a href=\"https:\/\/medandbeauty.com\/hu\/shop\/neki\/premium-kollekcio\/\" target=\"_blank\" rel=\"noopener\">Premium kollekci\u00f3<\/a> ruhadarabjainak sz\u00ednei nem egyeznek a <a href=\"https:\/\/medandbeauty.com\/hu\/shop\/neki\/basic-kollekcio\/\" target=\"_blank\" rel=\"noopener\">Basic kollekci\u00f3<\/a> sz\u00edneivel &#8211; m\u00e1s anyagb\u00f3l k\u00e9sz\u00fcltek.<\/p>\n<p><a href=\"https:\/\/medandbeauty.com\/hu\/\">Orvosi ruh\u00e1zati \u00fczlet\u00fcnk<\/a> k\u00edn\u00e1l:<\/p>\n<ul>\n<li><a href=\"https:\/\/medandbeauty.com\/hu\/shop\/neki\/\" target=\"_new\" rel=\"noopener\">n\u0151i orvosi ruh\u00e1zat<\/a>,<\/li>\n<li><a href=\"https:\/\/medandbeauty.com\/hu\/rodzaj-ubrania\/orvosi-ruhak\/\" target=\"_new\" rel=\"noopener\">orvosi ruh\u00e1k<\/a>,<\/li>\n<li><a href=\"https:\/\/medandbeauty.com\/hu\/product\/orvosi-ruha-cipzarral-premium-black\/\" target=\"_new\" rel=\"noopener\">cipz\u00e1ras orvosi ruha fekete<\/a>,<\/li>\n<li><a href=\"https:\/\/medandbeauty.com\/hu\/product\/orvosi-boritek-ruha-rovid-ujju-premium-black\/\" target=\"_new\" rel=\"noopener\">orvosi bor\u00edt\u00e9k ruha fekete.<\/a><\/li>\n<\/ul>\n<p>A k\u00e9peken l\u00e1that\u00f3 egyes ruhadarabok \u00e1rnyalatai elt\u00e9rhetnek a t\u00e9nylegesekt\u0151l &#8211; ez a k\u00fcl\u00f6nb\u00f6z\u0151 elektronikus berendez\u00e9sek \u00e9s azok egyedi be\u00e1ll\u00edt\u00e1sai miatt van \u00edgy.<\/p>\n<p>Arra b\u00e1tor\u00edtjuk \u00d6nt, hogy adjon le megrendel\u00e9seket.<\/p>\n","protected":false},"excerpt":{"rendered":"<p>&nbsp; Orvosi fekete ruha a Med&amp;Beauty-t\u00f3l A Pr\u00e9mium term\u00e9kcsal\u00e1db\u00f3l sz\u00e1rmaz\u00f3 k\u00f6t\u00f6tt orvosi fekete ruha a legklasszikusabb modell a Med &amp; Beauty Premium orvosi ruh\u00e1k k\u00f6z\u00f6tt . Felejtse el a k\u00e9nyelmetlen \u00e9s form\u00e1tlan orvosi egyenruh\u00e1kat &#8211; itt az ideje a karcs\u00fa fekete orvosi ruh\u00e1knak, amelyek kiemelik a n\u0151ies alakot \u00e9s maxim\u00e1lis k\u00e9nyelmet biztos\u00edtanak. Tudta, hogy a [&hellip;]<\/p>\n","protected":false},"featured_media":464421,"comment_status":"open","ping_status":"closed","template":"","meta":{"_acf_changed":false,"inline_featured_image":false},"kolor":[1928],"rodzaj-ubrania":[1884],"ubranie":[2010],"product_brand":[],"product_cat":[1887,1903,1902],"product_tag":[1948],"class_list":{"0":"post-464420","1":"product","2":"type-product","3":"status-publish","4":"has-post-thumbnail","6":"kolor-czernie-hu","7":"rodzaj-ubrania-orvosi-ruhak","8":"ubranie-premium-kotott-orvosi-ruha","9":"product_cat-neki","10":"product_cat-orvosi-ruhak","11":"product_cat-premium-kollekcio","12":"product_tag-kozmetikai-ruhak","14":"first","15":"instock","16":"taxable","17":"shipping-taxable","18":"purchasable","19":"product-type-variable"},"acf":[],"_links":{"self":[{"href":"https:\/\/medandbeauty.com\/hu\/wp-json\/wp\/v2\/product\/464420","targetHints":{"allow":["GET"]}}],"collection":[{"href":"https:\/\/medandbeauty.com\/hu\/wp-json\/wp\/v2\/product"}],"about":[{"href":"https:\/\/medandbeauty.com\/hu\/wp-json\/wp\/v2\/types\/product"}],"replies":[{"embeddable":true,"href":"https:\/\/medandbeauty.com\/hu\/wp-json\/wp\/v2\/comments?post=464420"}],"wp:featuredmedia":[{"embeddable":true,"href":"https:\/\/medandbeauty.com\/hu\/wp-json\/wp\/v2\/media\/464421"}],"wp:attachment":[{"href":"https:\/\/medandbeauty.com\/hu\/wp-json\/wp\/v2\/media?parent=464420"}],"wp:term":[{"taxonomy":"kolor","embeddable":true,"href":"https:\/\/medandbeauty.com\/hu\/wp-json\/wp\/v2\/kolor?post=464420"},{"taxonomy":"rodzaj-ubrania","embeddable":true,"href":"https:\/\/medandbeauty.com\/hu\/wp-json\/wp\/v2\/rodzaj-ubrania?post=464420"},{"taxonomy":"ubranie","embeddable":true,"href":"https:\/\/medandbeauty.com\/hu\/wp-json\/wp\/v2\/ubranie?post=464420"},{"taxonomy":"product_brand","embeddable":true,"href":"https:\/\/medandbeauty.com\/hu\/wp-json\/wp\/v2\/product_brand?post=464420"},{"taxonomy":"product_cat","embeddable":true,"href":"https:\/\/medandbeauty.com\/hu\/wp-json\/wp\/v2\/product_cat?post=464420"},{"taxonomy":"product_tag","embeddable":true,"href":"https:\/\/medandbeauty.com\/hu\/wp-json\/wp\/v2\/product_tag?post=464420"}],"curies":[{"name":"wp","href":"https:\/\/api.w.org\/{rel}","templated":true}]}}

Orvosi réteges ruha Premium BLACK

<p>&nbsp;</p>
<h2>Orvosi fekete ruha a Med&amp;Beauty-tól</h2>
<p><strong>A Prémium termékcsaládból származó kötött orvosi fekete ruha</strong> a legklasszikusabb modell a <strong> <a href="https://medandbeauty.com/hu/shop/neki/premium-kollekcio/" target="_blank" rel="noopener">Med &amp; Beauty Premium</a> orvosi ruhák</strong> között <strong>.</strong></p>
<p>Felejtse el a kényelmetlen és formátlan orvosi egyenruhákat &#8211; itt az ideje a karcsú fekete orvosi ruháknak, amelyek kiemelik a nőies alakot és maximális kényelmet biztosítanak.</p>
<p>Tudta, hogy a betegek és az ügyfelek egyre inkább odafigyelnek arra, hogyan öltözködik, amikor a munkáját végzi?</p>
<p>Ha elegáns és elegáns <strong>orvosi fekete nyakkendős ruhát</strong> visel, nemcsak a közérzetét javítja, hanem a professzionalizmusát is hangsúlyozza, és ezáltal a betegek és az ügyfelek szemében is előnyre tesz szert.</p>
<h2>Fekete orvosi ruha &#8211; anyagok</h2>
<p>Fekete kötött orvosi ruha a<strong> <a href="https://medandbeauty.com/hu/shop/neki/premium-kollekcio/" target="_blank" rel="noopener">Prémium kollekcióból</a></strong> 80%-ban kiváló minőségű pamutból, nejlonnal és lycrával kombináltan varrták. Az anyagban lévő szálak kombinációja puhává és lélegzővé teszi, és &#8211; ami nagyon <strong>fontos az orvosi ruhák esetében &#8211; nem gyűrődik!</strong></p>
<p>A derékpánt és a modell alakító darts tökéletesen formálja az alakot és hangsúlyozza minden előnyét, míg a klasszikus nyakkivágás elegáns gallérral hangsúlyozza a modell időtlenségét.</p>
<p><strong>A prémium orvosi fekete ruha</strong> valamivel a térd alá ér, így ideális hosszúságú a maximális kényelemhez a munkahelyen. A 7/8 hosszú ujjak védik a vállakat, és nem korlátozzák a mozgást. </p>
<p>Válassza <strong>a prémium fekete kötött orvosi ruhát</strong>, ha fontos Önnek a kényelem, a minimalizmus és a professzionális megjelenés a munkahelyén. Milyen tulajdonságokkal rendelkezik az orvosi fekete ruhánk? </p>
<ul>
<li>eredeti nyakkivágás elegáns gallérral,</li>
<li>egyenes 7/8-as ujjak,</li>
<li>Klasszikus szabású, térdig érő szabás,</li>
<li>Sziluettjavító felvarrás és derékpánt,</li>
<li>hímzés formájában történő személyre szabás lehetséges.</li>
</ul>
<p><strong>További információk:</strong> A képeken látható modellek S méretű fekete orvosi ruhát viselnek, és 170-174 cm magasak.</p>
<p>Ha nem tudja, milyen méretet válasszon &#8211; nézze meg a mérettáblázatot. Ha további kétségek merülnek fel &#8211; küldje el nekünk a méreteit, és mi méretre szabjuk Önnek. </p>
<p>A <a href="https://medandbeauty.com/hu/shop/neki/premium-kollekcio/" target="_blank" rel="noopener">Premium kollekció</a> ruhadarabjainak színei nem egyeznek a <a href="https://medandbeauty.com/hu/shop/neki/basic-kollekcio/" target="_blank" rel="noopener">Basic kollekció</a> színeivel &#8211; más anyagból készültek.</p>
<p><a href="https://medandbeauty.com/hu/">Orvosi ruházati üzletünk</a> kínál:</p>
<ul>
<li><a href="https://medandbeauty.com/hu/shop/neki/" target="_new" rel="noopener">női orvosi ruházat</a>,</li>
<li><a href="https://medandbeauty.com/hu/rodzaj-ubrania/orvosi-ruhak/" target="_new" rel="noopener">orvosi ruhák</a>,</li>
<li><a href="https://medandbeauty.com/hu/product/orvosi-ruha-cipzarral-premium-black/" target="_new" rel="noopener">cipzáras orvosi ruha fekete</a>,</li>
<li><a href="https://medandbeauty.com/hu/product/orvosi-boritek-ruha-rovid-ujju-premium-black/" target="_new" rel="noopener">orvosi boríték ruha fekete.</a></li>
</ul>
<p>A képeken látható egyes ruhadarabok árnyalatai eltérhetnek a ténylegesektől &#8211; ez a különböző elektronikus berendezések és azok egyedi beállításai miatt van így.</p>
<p>Arra bátorítjuk Önt, hogy adjon le megrendeléseket.</p>

<p>&nbsp; Orvosi fekete ruha a Med&amp;Beauty-tól A Prémium termékcsaládból származó kötött orvosi fekete ruha a legklasszikusabb modell a Med &amp; Beauty Premium orvosi ruhák között . Felejtse el a kényelmetlen és formátlan orvosi egyenruhákat &#8211; itt az ideje a karcsú fekete orvosi ruháknak, amelyek kiemelik a nőies alakot és maximális kényelmet biztosítanak. Tudta, hogy a [&hellip;]</p>
